or of 306051?
False
Is 2 a factor of 194666?
True
Is 1484901 a multiple of 10?
False
Does 3 divide 2444863?
False
Is 2 a factor of 45009?
False
Is 2667312 a multiple of 524?
False
Does 14 divide 12326336?
False
Is 5 a factor of 871756?
False
Is 16 a factor of 715422?
False
Is 29 a factor of 1318123?
False
Is 142 a factor of 1036349?
False
Is 7 a factor of 668150?
True
Does 8 divide 110018?
False
Does 12 divide 3717108?
True
Does 58 divide 195441?
False
Does 6 divide 2866667?
False
Does 139 divide 181395?
True
Is 1902167 a multiple of 55?
False
Is 39 a factor of 539093?
False
Does 609 divide 96831?
True
Is 17 a factor of 5890016?
False
Is 11 a factor of 191235?
True
Does 8 divide 12412400?
True
Is 175112 a multiple of 118?
True
Does 13 divide 16263?
True
Does 8 divide 1340440?
True
Does 3 divide 285756?
True
Is 22 a factor of 823988?
True
Is 724591 a multiple of 119?
True
Is 13 a factor of 4660631?
False
Does 167 divide 17576416?
True
Is 13 a factor of 33808?
False
Is 145984 a multiple of 8?
True
Is 3 a factor of 164918?
False
Is 536304 a multiple of 12?
True
Does 7 divide 77063?
True
Does 229 divide 13983207?
False
Is 16 a factor of 8846245?
False
Does 207 divide 10268720?
False
Is 27 a factor of 480546?
True
Is 353153 a multiple of 48?
False
Does 330 divide 824917?
False
Does 48 divide 100131?
False
Does 246 divide 7868064?
True
Is 10 a factor of 330623?
False
Is 6 a factor of 26024?
False
Is 64780 a multiple of 82?
True
Is 618625 a multiple of 49?
True
Is 24 a factor of 47550?
False
Is 220 a factor of 54020?
False
Is 329523 a multiple of 102?
False
Is 113 a factor of 3623180?
False
Is 10804402 a multiple of 574?
True
Does 819 divide 447174?
True
Is 7 a factor of 68726?
True
Is 10210145 a multiple of 405?
False
Is 1230450 a multiple of 15?
True
Is 34240 a multiple of 15?
False
Is 553 a factor of 388206?
True
Does 341 divide 487938?
False
Does 20 divide 304940?
True
Is 280140 a multiple of 21?
True
Is 64048 a multiple of 25?
False
Is 35 a factor of 477085?
True
Is 3 a factor of 459954?
True
Does 12 divide 227758?
False
Is 38 a factor of 535216?
False
Is 49920 a multiple of 120?
True
Does 6 divide 1099393?
False
Does 311 divide 6727241?
True
Is 12127009 a multiple of 912?
False
Does 28 divide 277655?
False
Does 13 divide 690362?
False
Is 17 a factor of 3821152?
False
Is 109 a factor of 265415?
True
Is 396 a factor of 9994454?
False
Is 142779 a multiple of 13?
True
Is 843128 a multiple of 44?
True
Does 51 divide 587061?
True
Does 241 divide 548984?
False
Is 100945 a multiple of 65?
True
Is 8 a factor of 130533?
False
Is 6046407 a multiple of 51?
True
Is 117 a factor of 291320?
False
Is 17280 a multiple of 15?
True
Is 85 a factor of 707965?
True
Is 912046 a multiple of 156?
False
Does 5 divide 150817?
False
Is 173898 a multiple of 35?
False
Does 312 divide 127942?
False
Is 4 a factor of 1137?
False
Does 3 divide 3978?
True
Is 591 a factor of 6095963?
False
Is 74431 a multiple of 343?
True
Does 12 divide 6376540?
False
Is 4 a factor of 108310?
False
Is 88 a factor of 655776?
True
Is 34 a factor of 163285?
False
Is 219 a factor of 3208788?
True
Is 22630 a multiple of 10?
True
Is 82 a factor of 453681?
False
Does 115 divide 216401?
False
Does 54 divide 1342656?
True
Does 19 divide 202236?
True
Does 31 divide 408518?
True
Does 6 divide 31492?
False
Does 9 divide 29634946?
False
Does 9 divide 293991?
False
Is 11 a factor of 34026?
False
Is 20 a factor of 641645?
False
Does 93 divide 26367267?
True
Is 3 a factor of 9362?
False
Does 2 divide 61478?
True
Is 75 a factor of 1902000?
True
Is 8 a factor of 18824?
True
Is 173 a factor of 1962339?
True
Is 42 a factor of 825846?
True
Does 40 divide 15780170?
False
Is 55 a factor of 3149025?
True
Does 371 divide 127563?
False
Is 26 a factor of 3041376?
True
Is 1200438 a multiple of 34?
True
Is 4 a factor of 71354?
False
Is 432054 a multiple of 21?
True
Is 5 a factor of 4807163?
False
Is 11908314 a multiple of 878?
True
Does 169 divide 2494663?
False
Does 6 divide 77970?
True
Does 100 divide 592300?
True
Does 372 divide 70504?
False
Is 654366 a multiple of 7?
False
Does 17 divide 9822091?
False
Is 1030920 a multiple of 190?
False
Does 23 divide 1080833?
False
Does 15 divide 34252?
False
Does 26 divide 2360254?
True
Is 37 a factor of 1616325?
False
Is 81016 a multiple of 171?
False
Is 5232642 a multiple of 137?
False
Is 249780 a multiple of 460?
True
Is 273 a factor of 965633?
False
Does 39 divide 391911?
True
Is 36675 a multiple of 42?
False
Is 4534723 a multiple of 867?
False
Is 431614 a multiple of 6?
False
Does 1866 divide 5812874?
False
Is 705 a factor of 7746540?
True
Is 5454933 a multiple of 26?
False
Does 161 divide 225915?
False
Is 3 a factor of 7994?
False
Is 5503920 a multiple of 1349?
True
Is 4 a factor of 59232?
True
Does 628 divide 789396?
True
Is 7 a factor of 788382?
True
Does 35 divide 12885495?
True
Is 141012 a multiple of 254?
False
Is 352769 a multiple of 110?
False
Is 34 a factor of 19440?
False
Does 260 divide 2696460?
True
Is 433 a factor of 10880424?
True
Does 51 divide 52590?
False
Is 6 a factor of 6639?
False
Is 86 a factor of 3005098?
True
Is 1312 a multiple of 8?
True
Does 627 divide 546838?
False
Does 402 divide 51106?
False
Does 110 divide 1708410?
True
Is 12 a factor of 152220?
True
Is 814 a factor of 1565792?
False
Does 15 divide 202678?
False
Does 34 divide 167973?
False
Is 133672 a multiple of 341?
True
Does 220 divide 1936854?
False
Is 586 a factor of 126975?
False
Does 438 divide 524724?
True
Is 1358917 a multiple of 49?
True
Does 369 divide 694523?
False
Is 999148 a multiple of 43?
True
Is 512050 a multiple of 418?
True
Does 34 divide 61642?
True
Is 528 a factor of 9664026?
False
Is 6 a factor of 156036?
True
Is 40 a factor of 127120?
True
Does 495 divide 4611651?
False
Is 19722672 a multiple of 52?
False
Is 31 a factor of 1350298?
True
Is 14945 a multiple of 8?
False
Does 11 divide 2359082?
True
Does 12 divide 439874?
False
Is 61 a factor of 1126548?
True
Is 1135 a factor of 3656151?
False
Is 2978391 a multiple of 39?
True
Does 115 divide 59340?
True
Is 189 a factor of 545643?
True
Is 1206894 a multiple of 78?
True
Is 2402508 a multiple of 85?
False
Is 113002 a multiple of 78?
False
Is 14 a factor of 2111592?
True
Is 5 a factor of 6460?
True
Does 30 divide 94890?
True
Is 6 a factor of 297453?
False
Is 13 a factor of 73658?
True
Does 29 divide 162488?
False
Does 11 divide 2535986?
False
Is 79 a factor of 27650?
True
Is 2114525 a multiple of 5?
True
Is 347 a factor of 23009?
False
Is 8454110 a multiple of 322?
True
Is 30 a factor of 304500?
True
Is 54533 a multiple of 81?
False
Does 3 divide 42766?
False
Is 7 a factor of 5673362?
False
Does 190 divide 269764?
False
Is 7920828 a multiple of 27?
True
Is 10496325 a multiple of 793?
False
Does 129 divide 94136?
False
Does 111 divide 493581?
False
Does 51 divide 4106622?
True
Is 48 a factor of 15482160?
True
Does 15 divide 4361?
False
Is 1298388 a multiple of 533?
True
Does 17 divide 1186192?
True
Is 31 a factor of 1208488?
False
Is 1766940 a multiple of 5?
True
Is 8520642 a multiple of 13?
True
Is 30 a factor of 2462885?
False
Does 224 divide 7840?
True
Is 546345 a multiple of 19?
True
Is 772 a factor of 17576896?
True
Does 123 divide 1516905?
False
Does 899 divide 519675?
False
Does 432 divide 5330448?
True
Is 11584520 a multiple of 1833?
False
Does 344 divide 584800?
True
Does 156 divide 116602?
False
Does 28 divide 682864?
True
Is 17 a factor of 8797741?
False
Is 99 a factor of 303276?
False
Does 10 divide 4537263?
False
Is 407619 a multiple of 162?
False
Is 27 a factor of 3479274?
True
Does 18 divide 922317?
False
Does 99 divide 306815?
False
Does 705 divide 455630?
False
Is 2557220 a multiple of 29?
True
Is 17 a factor of 140284?
True
Is 1467556 a multiple of 76?
False
Does 50 divide 325550?
True
Is 70 a factor of 45010?
True
Is 236410 a multiple of 503?
True
Does 65 divide 3900616?
False
Is 165 a factor of 9201885?
True
Is 74 a factor of 11879072?
True
Does 2 divide 62981?
False
Is 46116 a multiple of 108?
True
Is 5639837 a multiple of 1323?
False
Is 2 a factor of 121417?
False
Is 3758388 a multiple of 492?
True
Is 362188 a multiple of 14?
False
Is 334694 a multiple of 71?
True
Is 2743328 a multiple of 259?
True
Is 113 a 